{"id":367,"date":"2016-04-23T18:15:54","date_gmt":"2016-04-23T18:15:54","guid":{"rendered":"http:\/\/www.calidadartesana.es\/blog\/?page_id=367"},"modified":"2016-04-23T20:03:32","modified_gmt":"2016-04-23T20:03:32","slug":"ebanisteria","status":"publish","type":"page","link":"https:\/\/blog.calidadartesana.com\/index.php\/madera-y-corcho\/ebanisteria\/","title":{"rendered":"Ebanisteria"},"content":{"rendered":"<figure id=\"attachment_368\" aria-describedby=\"caption-attachment-368\" style=\"width: 604px\" class=\"wp-caption aligncenter\"><a href=\"http:\/\/www.calidadartesana.es\/blog\/wp-content\/uploads\/Ebanisteria.jpg\"><img loading=\"lazy\" decoding=\"async\" class=\"size-large wp-image-368\" src=\"http:\/\/www.calidadartesana.es\/blog\/wp-content\/uploads\/Ebanisteria-1024x768.jpg\" alt=\"Ebanisteria\" width=\"604\" height=\"453\" srcset=\"https:\/\/blog.calidadartesana.com\/wp-content\/uploads\/Ebanisteria-1024x768.jpg 1024w, https:\/\/blog.calidadartesana.com\/wp-content\/uploads\/Ebanisteria-300x225.jpg 300w\" sizes=\"auto, (max-width: 604px) 100vw, 604px\" \/><\/a><figcaption id=\"caption-attachment-368\" class=\"wp-caption-text\">Ebanister\u00eda<\/figcaption><\/figure>\n<p style=\"text-align: justify;\">El <strong>ebanista<\/strong> es la persona\u00a0que utilizando maderas de calidad, dise\u00f1a, elabora y restaura muebles, ya sean modelos \u00fanicos o series reducidas, usando t\u00e9cnicas manuales en sus diversas fases de producci\u00f3n. Concretamente en Andaluc\u00eda, muchos de los ebanistas se dedican espec\u00edficamente a la elaboraci\u00f3n y restauraci\u00f3n de piezas para conmemoraciones religiosas, especialmente las de Semana Santa.<\/p>\n<p style=\"text-align: justify;\"><span style=\"color: #800000;\"><strong><em>Los productos que crea son:<\/em>\u00a0<\/strong><\/span>C\u00f3modas, consolas, cornucopias, librer\u00edas, mesas, muebles (de comedores, de dormitorios, de sal\u00f3n, etc.), restauraci\u00f3n de muebles antiguos, sillones, sillas, sof\u00e1s \u00abde madera vista\u00bb, sinfonieres, otros. Concretamente en Andaluc\u00eda: Andas de pasos y tronos de Semana Santa, muebles eclesiales, retablos, otros.<\/p>\n<p style=\"text-align: justify;\"><em><strong><span style=\"color: #800000;\">Emplea las siguiente materias primas:<\/span><\/strong>\u00a0<\/em>Abedul, acacia, amaranto, amboyne, anilinas, bicromato (colorante soluble en agua), boj, bubinga, caoba de cuba y brasil, casta\u00f1o, cebrano, cedro (liban\u00e9s, espa\u00f1ol, peruano, etc.), cera virgen, cerezo (americano y espa\u00f1ol), chopo, cipr\u00e9s, clavos, cola (caliente o \u00abde medallas\u00bb, blanca, de milano, etc.), curupixa, doussie, \u00e9bano (macasar y negro), erable, etimoe, eucalipto, fresno, goiabao, goma laca, haya, imbuya, iroko, jatoba, kotibe, laca nitrocelul\u00f3sica, limonero (com\u00fan y de ceil\u00e1n), louro (faya, pretto y vermelho), madrona, mansonia, maple, masillas, mbero, mirto, mongoy, morera, naranjo, nogal (americano, espa\u00f1ol, sat\u00e9n, etc.), nogalinas, olivo, olmo, palo (rojo, rosa, rosa falso, etc.), palo santo (r\u00edo, serpiente, violeta, de indias, etc.), pal-oleo, peral, piedra p\u00f3mez en polvo, pino (movila, insignis, oreg\u00f3n, sitka spruce, tea, valsain, etc.), pl\u00e1tano, resinas, roble (americano, americano rojo, franc\u00e9s, etc.), samanguila, s\u00e1ndalo, sapely, sicomoro, sipo, sucupira, tapaporos, tejo, teka de birmania, tilo, tintes, tulipie, tuya, ukola, vavona, wenge, otras.<\/p>\n<p style=\"text-align: justify;\"><em><span style=\"color: #800000;\"><strong>Herramientas de trabajo:<\/strong><\/span>\u00a0<\/em>Azuela, brocha, bocel, cepilladora\/cepillos, clavos, enlazadora, escopleadora de cadena y de barrena, garlopa\/garlop\u00edn, gramil<br \/>\nde madera, grapas, gubias de talla, guillame, herrajes, ingleteadora, lijadora, m\u00e1quina manual de marqueter\u00eda, martillo, mazos, molduras, peloponesa, pistola de aire o de barnizar y lacar, prensa de arma, regruesadora, sierra de cinta o de marqueter\u00eda, taladro, tijeras, tornillos, torno, tup\u00ed, \u00fatiles de medici\u00f3n, otros.<\/p>\n<p>&nbsp;<\/p>\n","protected":false},"excerpt":{"rendered":"<p>El ebanista es la persona\u00a0que utilizando maderas de calidad, dise\u00f1a, elabora y restaura muebles, ya sean modelos \u00fanicos o series [&hellip;]<\/p>\n","protected":false},"author":1,"featured_media":0,"parent":15,"menu_order":0,"comment_status":"closed","ping_status":"closed","template":"","meta":{"site-sidebar-layout":"default","site-content-layout":"","ast-site-content-layout":"default","site-content-style":"default","site-sidebar-style":"default","ast-global-header-display":"","ast-banner-title-visibility":"","ast-main-header-display":"","ast-hfb-above-header-display":"","ast-hfb-below-header-display":"","ast-hfb-mobile-header-display":"","site-post-title":"","ast-breadcrumbs-content":"","ast-featured-img":"","footer-sml-layout":"","theme-transparent-header-meta":"","adv-header-id-meta":"","stick-header-meta":"","header-above-stick-meta":"","header-main-stick-meta":"","header-below-stick-meta":"","astra-migrate-meta-layouts":"default","ast-page-background-enabled":"default","ast-page-background-meta":{"desktop":{"background-color":"var(--ast-global-color-4)","background-image":"","background-repeat":"repeat","background-position":"center center","background-size":"auto","background-attachment":"scroll","background-type":"","background-media":"","overlay-type":"","overlay-color":"","overlay-opacity":"","overlay-gradient":""},"tablet":{"background-color":"","background-image":"","background-repeat":"repeat","background-position":"center center","background-size":"auto","background-attachment":"scroll","background-type":"","background-media":"","overlay-type":"","overlay-color":"","overlay-opacity":"","overlay-gradient":""},"mobile":{"background-color":"","background-image":"","background-repeat":"repeat","background-position":"center center","background-size":"auto","background-attachment":"scroll","background-type":"","background-media":"","overlay-type":"","overlay-color":"","overlay-opacity":"","overlay-gradient":""}},"ast-content-background-meta":{"desktop":{"background-color":"var(--ast-global-color-5)","background-image":"","background-repeat":"repeat","background-position":"center center","background-size":"auto","background-attachment":"scroll","background-type":"","background-media":"","overlay-type":"","overlay-color":"","overlay-opacity":"","overlay-gradient":""},"tablet":{"background-color":"var(--ast-global-color-5)","background-image":"","background-repeat":"repeat","background-position":"center center","background-size":"auto","background-attachment":"scroll","background-type":"","background-media":"","overlay-type":"","overlay-color":"","overlay-opacity":"","overlay-gradient":""},"mobile":{"background-color":"var(--ast-global-color-5)","background-image":"","background-repeat":"repeat","background-position":"center center","background-size":"auto","background-attachment":"scroll","background-type":"","background-media":"","overlay-type":"","overlay-color":"","overlay-opacity":"","overlay-gradient":""}},"footnotes":""},"class_list":["post-367","page","type-page","status-publish","hentry"],"yoast_head":"<!-- This site is optimized with the Yoast SEO plugin v27.6 - https:\/\/yoast.com\/product\/yoast-seo-wordpress\/ -->\n<title>Ebanisteria -<\/title>\n<meta name=\"robots\" content=\"index, follow, max-snippet:-1, max-image-preview:large, max-video-preview:-1\" \/>\n<link rel=\"canonical\" href=\"https:\/\/blog.calidadartesana.com\/index.php\/madera-y-corcho\/ebanisteria\/\" \/>\n<meta property=\"og:locale\" content=\"es_ES\" \/>\n<meta property=\"og:type\" content=\"article\" \/>\n<meta property=\"og:title\" content=\"Ebanisteria -\" \/>\n<meta property=\"og:description\" content=\"El ebanista es la persona\u00a0que utilizando maderas de calidad, dise\u00f1a, elabora y restaura muebles, ya sean modelos \u00fanicos o series [&hellip;]\" \/>\n<meta property=\"og:url\" content=\"https:\/\/blog.calidadartesana.com\/index.php\/madera-y-corcho\/ebanisteria\/\" \/>\n<meta property=\"article:publisher\" content=\"https:\/\/www.facebook.com\/CalidadArtesana\" \/>\n<meta property=\"article:modified_time\" content=\"2016-04-23T20:03:32+00:00\" \/>\n<meta property=\"og:image\" content=\"https:\/\/blog.calidadartesana.com\/wp-content\/uploads\/Ebanisteria.jpg\" \/>\n\t<meta property=\"og:image:width\" content=\"3264\" \/>\n\t<meta property=\"og:image:height\" content=\"2448\" \/>\n\t<meta property=\"og:image:type\" content=\"image\/jpeg\" \/>\n<meta name=\"twitter:card\" content=\"summary_large_image\" \/>\n<meta name=\"twitter:site\" content=\"@CalidadArtesana\" \/>\n<meta name=\"twitter:label1\" content=\"Tiempo de lectura\" \/>\n\t<meta name=\"twitter:data1\" content=\"2 minutos\" \/>\n<script type=\"application\/ld+json\" class=\"yoast-schema-graph\">{\"@context\":\"https:\\\/\\\/schema.org\",\"@graph\":[{\"@type\":\"WebPage\",\"@id\":\"https:\\\/\\\/blog.calidadartesana.com\\\/index.php\\\/madera-y-corcho\\\/ebanisteria\\\/\",\"url\":\"https:\\\/\\\/blog.calidadartesana.com\\\/index.php\\\/madera-y-corcho\\\/ebanisteria\\\/\",\"name\":\"Ebanisteria -\",\"isPartOf\":{\"@id\":\"https:\\\/\\\/blog.calidadartesana.com\\\/#website\"},\"primaryImageOfPage\":{\"@id\":\"https:\\\/\\\/blog.calidadartesana.com\\\/index.php\\\/madera-y-corcho\\\/ebanisteria\\\/#primaryimage\"},\"image\":{\"@id\":\"https:\\\/\\\/blog.calidadartesana.com\\\/index.php\\\/madera-y-corcho\\\/ebanisteria\\\/#primaryimage\"},\"thumbnailUrl\":\"http:\\\/\\\/www.calidadartesana.es\\\/blog\\\/wp-content\\\/uploads\\\/Ebanisteria-1024x768.jpg\",\"datePublished\":\"2016-04-23T18:15:54+00:00\",\"dateModified\":\"2016-04-23T20:03:32+00:00\",\"breadcrumb\":{\"@id\":\"https:\\\/\\\/blog.calidadartesana.com\\\/index.php\\\/madera-y-corcho\\\/ebanisteria\\\/#breadcrumb\"},\"inLanguage\":\"es\",\"potentialAction\":[{\"@type\":\"ReadAction\",\"target\":[\"https:\\\/\\\/blog.calidadartesana.com\\\/index.php\\\/madera-y-corcho\\\/ebanisteria\\\/\"]}]},{\"@type\":\"ImageObject\",\"inLanguage\":\"es\",\"@id\":\"https:\\\/\\\/blog.calidadartesana.com\\\/index.php\\\/madera-y-corcho\\\/ebanisteria\\\/#primaryimage\",\"url\":\"http:\\\/\\\/www.calidadartesana.es\\\/blog\\\/wp-content\\\/uploads\\\/Ebanisteria-1024x768.jpg\",\"contentUrl\":\"http:\\\/\\\/www.calidadartesana.es\\\/blog\\\/wp-content\\\/uploads\\\/Ebanisteria-1024x768.jpg\"},{\"@type\":\"BreadcrumbList\",\"@id\":\"https:\\\/\\\/blog.calidadartesana.com\\\/index.php\\\/madera-y-corcho\\\/ebanisteria\\\/#breadcrumb\",\"itemListElement\":[{\"@type\":\"ListItem\",\"position\":1,\"name\":\"Portada\",\"item\":\"https:\\\/\\\/blog.calidadartesana.com\\\/\"},{\"@type\":\"ListItem\",\"position\":2,\"name\":\"Madera y Corcho\",\"item\":\"https:\\\/\\\/blog.calidadartesana.com\\\/index.php\\\/madera-y-corcho\\\/\"},{\"@type\":\"ListItem\",\"position\":3,\"name\":\"Ebanisteria\"}]},{\"@type\":\"WebSite\",\"@id\":\"https:\\\/\\\/blog.calidadartesana.com\\\/#website\",\"url\":\"https:\\\/\\\/blog.calidadartesana.com\\\/\",\"name\":\"Calidad Artesana\",\"description\":\"Blog Calidad Artesana\",\"publisher\":{\"@id\":\"https:\\\/\\\/blog.calidadartesana.com\\\/#organization\"},\"potentialAction\":[{\"@type\":\"SearchAction\",\"target\":{\"@type\":\"EntryPoint\",\"urlTemplate\":\"https:\\\/\\\/blog.calidadartesana.com\\\/?s={search_term_string}\"},\"query-input\":{\"@type\":\"PropertyValueSpecification\",\"valueRequired\":true,\"valueName\":\"search_term_string\"}}],\"inLanguage\":\"es\"},{\"@type\":\"Organization\",\"@id\":\"https:\\\/\\\/blog.calidadartesana.com\\\/#organization\",\"name\":\"Calidad Artesana\",\"url\":\"https:\\\/\\\/blog.calidadartesana.com\\\/\",\"logo\":{\"@type\":\"ImageObject\",\"inLanguage\":\"es\",\"@id\":\"https:\\\/\\\/blog.calidadartesana.com\\\/#\\\/schema\\\/logo\\\/image\\\/\",\"url\":\"https:\\\/\\\/blog.calidadartesana.com\\\/wp-content\\\/uploads\\\/cropped-calidadArtesana.png\",\"contentUrl\":\"https:\\\/\\\/blog.calidadartesana.com\\\/wp-content\\\/uploads\\\/cropped-calidadArtesana.png\",\"width\":690,\"height\":230,\"caption\":\"Calidad Artesana\"},\"image\":{\"@id\":\"https:\\\/\\\/blog.calidadartesana.com\\\/#\\\/schema\\\/logo\\\/image\\\/\"},\"sameAs\":[\"https:\\\/\\\/www.facebook.com\\\/CalidadArtesana\",\"https:\\\/\\\/x.com\\\/CalidadArtesana\",\"https:\\\/\\\/www.instagram.com\\\/calidad_artesana\\\/\",\"https:\\\/\\\/es.pinterest.com\\\/CertificadoCalidadArtesana\\\/\"]}]}<\/script>\n<!-- \/ Yoast SEO plugin. -->","yoast_head_json":{"title":"Ebanisteria -","robots":{"index":"index","follow":"follow","max-snippet":"max-snippet:-1","max-image-preview":"max-image-preview:large","max-video-preview":"max-video-preview:-1"},"canonical":"https:\/\/blog.calidadartesana.com\/index.php\/madera-y-corcho\/ebanisteria\/","og_locale":"es_ES","og_type":"article","og_title":"Ebanisteria -","og_description":"El ebanista es la persona\u00a0que utilizando maderas de calidad, dise\u00f1a, elabora y restaura muebles, ya sean modelos \u00fanicos o series [&hellip;]","og_url":"https:\/\/blog.calidadartesana.com\/index.php\/madera-y-corcho\/ebanisteria\/","article_publisher":"https:\/\/www.facebook.com\/CalidadArtesana","article_modified_time":"2016-04-23T20:03:32+00:00","og_image":[{"width":3264,"height":2448,"url":"https:\/\/blog.calidadartesana.com\/wp-content\/uploads\/Ebanisteria.jpg","type":"image\/jpeg"}],"twitter_card":"summary_large_image","twitter_site":"@CalidadArtesana","twitter_misc":{"Tiempo de lectura":"2 minutos"},"schema":{"@context":"https:\/\/schema.org","@graph":[{"@type":"WebPage","@id":"https:\/\/blog.calidadartesana.com\/index.php\/madera-y-corcho\/ebanisteria\/","url":"https:\/\/blog.calidadartesana.com\/index.php\/madera-y-corcho\/ebanisteria\/","name":"Ebanisteria -","isPartOf":{"@id":"https:\/\/blog.calidadartesana.com\/#website"},"primaryImageOfPage":{"@id":"https:\/\/blog.calidadartesana.com\/index.php\/madera-y-corcho\/ebanisteria\/#primaryimage"},"image":{"@id":"https:\/\/blog.calidadartesana.com\/index.php\/madera-y-corcho\/ebanisteria\/#primaryimage"},"thumbnailUrl":"http:\/\/www.calidadartesana.es\/blog\/wp-content\/uploads\/Ebanisteria-1024x768.jpg","datePublished":"2016-04-23T18:15:54+00:00","dateModified":"2016-04-23T20:03:32+00:00","breadcrumb":{"@id":"https:\/\/blog.calidadartesana.com\/index.php\/madera-y-corcho\/ebanisteria\/#breadcrumb"},"inLanguage":"es","potentialAction":[{"@type":"ReadAction","target":["https:\/\/blog.calidadartesana.com\/index.php\/madera-y-corcho\/ebanisteria\/"]}]},{"@type":"ImageObject","inLanguage":"es","@id":"https:\/\/blog.calidadartesana.com\/index.php\/madera-y-corcho\/ebanisteria\/#primaryimage","url":"http:\/\/www.calidadartesana.es\/blog\/wp-content\/uploads\/Ebanisteria-1024x768.jpg","contentUrl":"http:\/\/www.calidadartesana.es\/blog\/wp-content\/uploads\/Ebanisteria-1024x768.jpg"},{"@type":"BreadcrumbList","@id":"https:\/\/blog.calidadartesana.com\/index.php\/madera-y-corcho\/ebanisteria\/#breadcrumb","itemListElement":[{"@type":"ListItem","position":1,"name":"Portada","item":"https:\/\/blog.calidadartesana.com\/"},{"@type":"ListItem","position":2,"name":"Madera y Corcho","item":"https:\/\/blog.calidadartesana.com\/index.php\/madera-y-corcho\/"},{"@type":"ListItem","position":3,"name":"Ebanisteria"}]},{"@type":"WebSite","@id":"https:\/\/blog.calidadartesana.com\/#website","url":"https:\/\/blog.calidadartesana.com\/","name":"Calidad Artesana","description":"Blog Calidad Artesana","publisher":{"@id":"https:\/\/blog.calidadartesana.com\/#organization"},"potentialAction":[{"@type":"SearchAction","target":{"@type":"EntryPoint","urlTemplate":"https:\/\/blog.calidadartesana.com\/?s={search_term_string}"},"query-input":{"@type":"PropertyValueSpecification","valueRequired":true,"valueName":"search_term_string"}}],"inLanguage":"es"},{"@type":"Organization","@id":"https:\/\/blog.calidadartesana.com\/#organization","name":"Calidad Artesana","url":"https:\/\/blog.calidadartesana.com\/","logo":{"@type":"ImageObject","inLanguage":"es","@id":"https:\/\/blog.calidadartesana.com\/#\/schema\/logo\/image\/","url":"https:\/\/blog.calidadartesana.com\/wp-content\/uploads\/cropped-calidadArtesana.png","contentUrl":"https:\/\/blog.calidadartesana.com\/wp-content\/uploads\/cropped-calidadArtesana.png","width":690,"height":230,"caption":"Calidad Artesana"},"image":{"@id":"https:\/\/blog.calidadartesana.com\/#\/schema\/logo\/image\/"},"sameAs":["https:\/\/www.facebook.com\/CalidadArtesana","https:\/\/x.com\/CalidadArtesana","https:\/\/www.instagram.com\/calidad_artesana\/","https:\/\/es.pinterest.com\/CertificadoCalidadArtesana\/"]}]}},"_links":{"self":[{"href":"https:\/\/blog.calidadartesana.com\/index.php\/wp-json\/wp\/v2\/pages\/367","targetHints":{"allow":["GET"]}}],"collection":[{"href":"https:\/\/blog.calidadartesana.com\/index.php\/wp-json\/wp\/v2\/pages"}],"about":[{"href":"https:\/\/blog.calidadartesana.com\/index.php\/wp-json\/wp\/v2\/types\/page"}],"author":[{"embeddable":true,"href":"https:\/\/blog.calidadartesana.com\/index.php\/wp-json\/wp\/v2\/users\/1"}],"replies":[{"embeddable":true,"href":"https:\/\/blog.calidadartesana.com\/index.php\/wp-json\/wp\/v2\/comments?post=367"}],"version-history":[{"count":2,"href":"https:\/\/blog.calidadartesana.com\/index.php\/wp-json\/wp\/v2\/pages\/367\/revisions"}],"predecessor-version":[{"id":421,"href":"https:\/\/blog.calidadartesana.com\/index.php\/wp-json\/wp\/v2\/pages\/367\/revisions\/421"}],"up":[{"embeddable":true,"href":"https:\/\/blog.calidadartesana.com\/index.php\/wp-json\/wp\/v2\/pages\/15"}],"wp:attachment":[{"href":"https:\/\/blog.calidadartesana.com\/index.php\/wp-json\/wp\/v2\/media?parent=367"}],"curies":[{"name":"wp","href":"https:\/\/api.w.org\/{rel}","templated":true}]}}