{"id":9,"date":"2015-10-12T14:41:21","date_gmt":"2015-10-12T14:41:21","guid":{"rendered":"http:\/\/www.calidadartesana.es\/blog\/?page_id=9"},"modified":"2025-08-06T11:52:18","modified_gmt":"2025-08-06T11:52:18","slug":"arcilla-y-barro","status":"publish","type":"page","link":"https:\/\/blog.calidadartesana.com\/index.php\/arcilla-y-barro\/","title":{"rendered":"Arcilla y Barro"},"content":{"rendered":"<figure id=\"attachment_117\" aria-describedby=\"caption-attachment-117\" style=\"width: 815px\" class=\"wp-caption aligncenter\"><a href=\"http:\/\/www.calidadartesana.es\/contacto\/\"><img loading=\"lazy\" decoding=\"async\" src=\"https:\/\/blog.calidadartesana.com\/wp-content\/uploads\/Arcilla-y-Barro.jpg\" alt=\"Arcilla y Barro\" width=\"815\" height=\"315\" \/><\/a><figcaption id=\"caption-attachment-117\" class=\"wp-caption-text\">Arcilla y Barro<\/figcaption><\/figure>\n<p>&nbsp;<\/p>\n<h2 data-start=\"217\" data-end=\"281\"><span style=\"color: #800000;\"><strong data-start=\"224\" data-end=\"281\">Oficios de arcilla y barro:<\/strong><\/span><\/h2>\n<p data-start=\"283\" data-end=\"742\">El gremio de oficios de <strong>arcilla y barro<\/strong> agrupa a artesanos y profesionales dedicados a trabajar con estos materiales naturales, principalmente para la creaci\u00f3n de piezas utilitarias, decorativas y art\u00edsticas. Este gremio conserva t\u00e9cnicas ancestrales como el modelado manual, el uso del torno y la cocci\u00f3n en horno, transmitidas de generaci\u00f3n en generaci\u00f3n. Su labor combina arte, funcionalidad y patrimonio cultural, manteniendo viva una <strong>tradici\u00f3n milenaria.<\/strong><\/p>\n<p style=\"text-align: justify;\">La tard\u00eda implantaci\u00f3n de la industria en Espa\u00f1a en comparaci\u00f3n con otros pa\u00edses europeos, unida a su peculiar proceso de desarrollo, es quiz\u00e1 la raz\u00f3n fundamental por la que se explica la gran riqueza de manifestaciones <strong>alfareras y cer\u00e1micas<\/strong> \u00a0que se conservan aun dentro de la Pen\u00ednsula, manifestaciones repartidas por toda la geograf\u00eda espa\u00f1ola y que merecen, al menos, un breve repaso.<\/p>\n<p style=\"text-align: justify;\">Aunque el t\u00e9rmino <strong>\u00abcer\u00e1mica\u00bb<\/strong> se emplea muchas veces para designar todos los trabajos realizados con <strong>barro<\/strong>, dicho concepto, en su sentido m\u00e1s estricto, se refiere \u00fanicamente a aquellos trabajo en <strong>barro<\/strong> que, posteriormente, has sido decorados siguiendo t\u00e9cnicas muy diferentes.\u00a0Esta decoraci\u00f3n que transformara la <strong>alfarer\u00eda<\/strong> en <strong>cer\u00e1mica<\/strong> puede realizarse con t\u00e9cnicas muy diferentes y tambi\u00e9n en distintos momentos de la elaboraci\u00f3n de la pieza.<\/p>\n<p style=\"text-align: justify;\">La diversidad de formas y decoraciones -la mayor\u00eda de ellas de gran tradici\u00f3n, si bien en muchos lugares se siguen renovando los dise\u00f1os- viene dada por las diferentes <em>t\u00e9cnicas de modelado, cocci\u00f3n y decoraci\u00f3n,<\/em> pero tambi\u00e9n por la calidad, procedencia y componentes de la materia prima utilizada: <strong>el barro<\/strong>. Este ser\u00e1 el principal protagonista de la clasificaci\u00f3n por oficios seguida a lo largo de esta categor\u00eda.<\/p>\n<h2 data-start=\"749\" data-end=\"787\"><span style=\"color: #800000;\"><strong data-start=\"756\" data-end=\"787\">Caracter\u00edsticas del oficio:<\/strong><\/span><\/h2>\n<ul>\n<li data-start=\"749\" data-end=\"787\"><strong style=\"font-size: 16px;\" data-start=\"791\" data-end=\"811\">Materiales base:<\/strong><span style=\"font-size: 16px;\"> Barro, arcilla, engobes y esmaltes naturales o sint\u00e9ticos.<\/span><\/li>\n<li data-start=\"873\" data-end=\"963\">\n<p data-start=\"875\" data-end=\"963\"><strong data-start=\"875\" data-end=\"888\">T\u00e9cnicas:<\/strong> Modelado a mano, torno alfarero, moldes, esgrafiado, cocci\u00f3n, esmaltado.<\/p>\n<\/li>\n<li data-start=\"964\" data-end=\"1047\">\n<p data-start=\"966\" data-end=\"1047\"><strong data-start=\"966\" data-end=\"991\">Herramientas comunes:<\/strong> Torno, estecas, paletas de madera, hornos, esp\u00e1tulas.<\/p>\n<\/li>\n<li data-start=\"1048\" data-end=\"1144\">\n<p data-start=\"1050\" data-end=\"1144\"><strong data-start=\"1050\" data-end=\"1072\">Productos t\u00edpicos:<\/strong> Vasijas, platos, c\u00e1ntaros, figuras decorativas, azulejos, esculturas.<\/p>\n<\/li>\n<li data-start=\"1145\" data-end=\"1249\">\n<p data-start=\"1147\" data-end=\"1249\"><strong data-start=\"1147\" data-end=\"1173\">Transmisi\u00f3n del saber:<\/strong> Principalmente por tradici\u00f3n oral y pr\u00e1ctica entre maestros y aprendices.<\/p>\n<\/li>\n<li data-start=\"1250\" data-end=\"1334\">\n<p data-start=\"1252\" data-end=\"1334\"><strong data-start=\"1252\" data-end=\"1273\">V\u00ednculo cultural:<\/strong> Fuertemente arraigado en identidades locales y regionales.<\/p>\n<\/li>\n<li data-start=\"1335\" data-end=\"1448\">\n<p data-start=\"1337\" data-end=\"1448\"><strong data-start=\"1337\" data-end=\"1362\">Organizaci\u00f3n gremial:<\/strong> En algunos lugares, se agrupan en asociaciones, cooperativas o talleres familiares.<\/p>\n<\/li>\n<li data-start=\"1449\" data-end=\"1554\">\n<p data-start=\"1451\" data-end=\"1554\"><strong data-start=\"1451\" data-end=\"1473\">Valor patrimonial:<\/strong> En muchos casos, el oficio est\u00e1 protegido como patrimonio cultural inmaterial.<\/p>\n<\/li>\n<li data-start=\"1555\" data-end=\"1665\">\n<p data-start=\"1557\" data-end=\"1665\"><strong data-start=\"1557\" data-end=\"1586\">Innovaci\u00f3n vs. tradici\u00f3n:<\/strong> Combina m\u00e9todos tradicionales con dise\u00f1os contempor\u00e1neos en algunos contextos.<\/p>\n<\/li>\n<\/ul>\n<p><a href=\"http:\/\/www.calidadartesana.es\/socios-artesanos\/\" target=\"_blank\" rel=\"noopener\"><img loading=\"lazy\" decoding=\"async\" class=\"aligncenter\" title=\"Certificados Calidad Artesana\" src=\"https:\/\/blog.calidadartesana.com\/wp-content\/uploads\/Certificados-205x300.png\" alt=\"Certificados Calidad Artesana\" width=\"191\" height=\"280\" \/><\/a><\/p>\n<h2 data-start=\"749\" data-end=\"787\"><span style=\"color: #800000;\"><strong data-start=\"756\" data-end=\"787\">Oficios gremio arcilla y barro:<\/strong><\/span><\/h2>\n<ul>\n<li>\n<h4><span style=\"color: #000000;\"><a style=\"color: #000000;\" href=\"https:\/\/blog.calidadartesana.com\/index.php\/arcilla-y-barro\/alfareria\/\" target=\"_blank\" rel=\"noopener\">Alfarer\u00eda.<\/a><\/span><\/h4>\n<\/li>\n<li style=\"text-align: justify;\">\n<h4><span style=\"color: #000000;\"><a style=\"color: #000000;\" href=\"https:\/\/blog.calidadartesana.com\/index.php\/arcilla-y-barro\/azulejeria\/\" target=\"_blank\" rel=\"noopener\">Azulejer\u00eda.<\/a><\/span><\/h4>\n<\/li>\n<li style=\"text-align: justify;\">\n<h4><span style=\"color: #000000;\"><a style=\"color: #000000;\" href=\"https:\/\/blog.calidadartesana.com\/index.php\/arcilla-y-barro\/ceramica\/\" target=\"_blank\" rel=\"noopener\">Cer\u00e1mica.<\/a><\/span><\/h4>\n<\/li>\n<li style=\"text-align: justify;\">\n<h4><span style=\"color: #000000;\"><a style=\"color: #000000;\" href=\"https:\/\/blog.calidadartesana.com\/index.php\/arcilla-y-barro\/elaboracion-de-belenes\/\" target=\"_blank\" rel=\"noopener\">Elaboraci\u00f3n de Belenes.<\/a><\/span><\/h4>\n<\/li>\n<li style=\"text-align: justify;\">\n<h4><span style=\"color: #000000;\"><a style=\"color: #000000;\" href=\"https:\/\/blog.calidadartesana.com\/index.php\/arcilla-y-barro\/escultura-en-barro\/\" target=\"_blank\" rel=\"noopener\">Escultura en barro.<\/a><\/span><\/h4>\n<\/li>\n<li style=\"text-align: justify;\">\n<h4><span style=\"color: #000000;\"><a style=\"color: #000000;\" href=\"https:\/\/blog.calidadartesana.com\/index.php\/arcilla-y-barro\/tejeria-y-ladrilleria\/\" target=\"_blank\" rel=\"noopener\">Tejer\u00eda y Ladriller\u00eda.<\/a><\/span><\/h4>\n<\/li>\n<\/ul>\n","protected":false},"excerpt":{"rendered":"<p>&nbsp; Oficios de arcilla y barro: El gremio de oficios de arcilla y barro agrupa a artesanos y profesionales dedicados [&hellip;]<\/p>\n","protected":false},"author":1,"featured_media":563,"parent":0,"menu_order":0,"comment_status":"closed","ping_status":"closed","template":"","meta":{"site-sidebar-layout":"default","site-content-layout":"","ast-site-content-layout":"default","site-content-style":"default","site-sidebar-style":"default","ast-global-header-display":"","ast-banner-title-visibility":"","ast-main-header-display":"","ast-hfb-above-header-display":"","ast-hfb-below-header-display":"","ast-hfb-mobile-header-display":"","site-post-title":"","ast-breadcrumbs-content":"","ast-featured-img":"disabled","footer-sml-layout":"","theme-transparent-header-meta":"","adv-header-id-meta":"","stick-header-meta":"","header-above-stick-meta":"","header-main-stick-meta":"","header-below-stick-meta":"","astra-migrate-meta-layouts":"default","ast-page-background-enabled":"default","ast-page-background-meta":{"desktop":{"background-color":"var(--ast-global-color-4)","background-image":"","background-repeat":"repeat","background-position":"center center","background-size":"auto","background-attachment":"scroll","background-type":"","background-media":"","overlay-type":"","overlay-color":"","overlay-opacity":"","overlay-gradient":""},"tablet":{"background-color":"","background-image":"","background-repeat":"repeat","background-position":"center center","background-size":"auto","background-attachment":"scroll","background-type":"","background-media":"","overlay-type":"","overlay-color":"","overlay-opacity":"","overlay-gradient":""},"mobile":{"background-color":"","background-image":"","background-repeat":"repeat","background-position":"center center","background-size":"auto","background-attachment":"scroll","background-type":"","background-media":"","overlay-type":"","overlay-color":"","overlay-opacity":"","overlay-gradient":""}},"ast-content-background-meta":{"desktop":{"background-color":"var(--ast-global-color-5)","background-image":"","background-repeat":"repeat","background-position":"center center","background-size":"auto","background-attachment":"scroll","background-type":"","background-media":"","overlay-type":"","overlay-color":"","overlay-opacity":"","overlay-gradient":""},"tablet":{"background-color":"var(--ast-global-color-5)","background-image":"","background-repeat":"repeat","background-position":"center center","background-size":"auto","background-attachment":"scroll","background-type":"","background-media":"","overlay-type":"","overlay-color":"","overlay-opacity":"","overlay-gradient":""},"mobile":{"background-color":"var(--ast-global-color-5)","background-image":"","background-repeat":"repeat","background-position":"center center","background-size":"auto","background-attachment":"scroll","background-type":"","background-media":"","overlay-type":"","overlay-color":"","overlay-opacity":"","overlay-gradient":""}},"footnotes":""},"class_list":["post-9","page","type-page","status-publish","has-post-thumbnail","hentry"],"yoast_head":"<!-- This site is optimized with the Yoast SEO plugin v27.6 - https:\/\/yoast.com\/product\/yoast-seo-wordpress\/ -->\n<title>Arcilla y Barro | Calidad Artesana<\/title>\n<meta name=\"description\" content=\"Gremio artesanal que trabaja arcilla y barro para crear cer\u00e1mica, combinando t\u00e9cnicas tradicionales, arte y patrimonio cultural.\" \/>\n<meta name=\"robots\" content=\"index, follow, max-snippet:-1, max-image-preview:large, max-video-preview:-1\" \/>\n<link rel=\"canonical\" href=\"https:\/\/blog.calidadartesana.com\/index.php\/arcilla-y-barro\/\" \/>\n<meta property=\"og:locale\" content=\"es_ES\" \/>\n<meta property=\"og:type\" content=\"article\" \/>\n<meta property=\"og:title\" content=\"Arcilla y Barro | Calidad Artesana\" \/>\n<meta property=\"og:description\" content=\"Gremio artesanal que trabaja arcilla y barro para crear cer\u00e1mica, combinando t\u00e9cnicas tradicionales, arte y patrimonio cultural.\" \/>\n<meta property=\"og:url\" content=\"https:\/\/blog.calidadartesana.com\/index.php\/arcilla-y-barro\/\" \/>\n<meta property=\"article:publisher\" content=\"https:\/\/www.facebook.com\/CalidadArtesana\" \/>\n<meta property=\"article:modified_time\" content=\"2025-08-06T11:52:18+00:00\" \/>\n<meta property=\"og:image\" content=\"https:\/\/blog.calidadartesana.com\/wp-content\/uploads\/b7e48320-a651-4232-b874-3a415bdce59b.webp\" \/>\n\t<meta property=\"og:image:width\" content=\"1152\" \/>\n\t<meta property=\"og:image:height\" content=\"866\" \/>\n\t<meta property=\"og:image:type\" content=\"image\/webp\" \/>\n<meta name=\"twitter:card\" content=\"summary_large_image\" \/>\n<meta name=\"twitter:site\" content=\"@CalidadArtesana\" \/>\n<meta name=\"twitter:label1\" content=\"Tiempo de lectura\" \/>\n\t<meta name=\"twitter:data1\" content=\"3 minutos\" \/>\n<script type=\"application\/ld+json\" class=\"yoast-schema-graph\">{\"@context\":\"https:\\\/\\\/schema.org\",\"@graph\":[{\"@type\":\"WebPage\",\"@id\":\"https:\\\/\\\/blog.calidadartesana.com\\\/index.php\\\/arcilla-y-barro\\\/\",\"url\":\"https:\\\/\\\/blog.calidadartesana.com\\\/index.php\\\/arcilla-y-barro\\\/\",\"name\":\"Arcilla y Barro | Calidad Artesana\",\"isPartOf\":{\"@id\":\"https:\\\/\\\/blog.calidadartesana.com\\\/#website\"},\"primaryImageOfPage\":{\"@id\":\"https:\\\/\\\/blog.calidadartesana.com\\\/index.php\\\/arcilla-y-barro\\\/#primaryimage\"},\"image\":{\"@id\":\"https:\\\/\\\/blog.calidadartesana.com\\\/index.php\\\/arcilla-y-barro\\\/#primaryimage\"},\"thumbnailUrl\":\"https:\\\/\\\/blog.calidadartesana.com\\\/wp-content\\\/uploads\\\/b7e48320-a651-4232-b874-3a415bdce59b.webp\",\"datePublished\":\"2015-10-12T14:41:21+00:00\",\"dateModified\":\"2025-08-06T11:52:18+00:00\",\"description\":\"Gremio artesanal que trabaja arcilla y barro para crear cer\u00e1mica, combinando t\u00e9cnicas tradicionales, arte y patrimonio cultural.\",\"breadcrumb\":{\"@id\":\"https:\\\/\\\/blog.calidadartesana.com\\\/index.php\\\/arcilla-y-barro\\\/#breadcrumb\"},\"inLanguage\":\"es\",\"potentialAction\":[{\"@type\":\"ReadAction\",\"target\":[\"https:\\\/\\\/blog.calidadartesana.com\\\/index.php\\\/arcilla-y-barro\\\/\"]}]},{\"@type\":\"ImageObject\",\"inLanguage\":\"es\",\"@id\":\"https:\\\/\\\/blog.calidadartesana.com\\\/index.php\\\/arcilla-y-barro\\\/#primaryimage\",\"url\":\"https:\\\/\\\/blog.calidadartesana.com\\\/wp-content\\\/uploads\\\/b7e48320-a651-4232-b874-3a415bdce59b.webp\",\"contentUrl\":\"https:\\\/\\\/blog.calidadartesana.com\\\/wp-content\\\/uploads\\\/b7e48320-a651-4232-b874-3a415bdce59b.webp\",\"width\":1152,\"height\":866},{\"@type\":\"BreadcrumbList\",\"@id\":\"https:\\\/\\\/blog.calidadartesana.com\\\/index.php\\\/arcilla-y-barro\\\/#breadcrumb\",\"itemListElement\":[{\"@type\":\"ListItem\",\"position\":1,\"name\":\"Portada\",\"item\":\"https:\\\/\\\/blog.calidadartesana.com\\\/\"},{\"@type\":\"ListItem\",\"position\":2,\"name\":\"Arcilla y Barro\"}]},{\"@type\":\"WebSite\",\"@id\":\"https:\\\/\\\/blog.calidadartesana.com\\\/#website\",\"url\":\"https:\\\/\\\/blog.calidadartesana.com\\\/\",\"name\":\"Calidad Artesana\",\"description\":\"Blog Calidad Artesana\",\"publisher\":{\"@id\":\"https:\\\/\\\/blog.calidadartesana.com\\\/#organization\"},\"potentialAction\":[{\"@type\":\"SearchAction\",\"target\":{\"@type\":\"EntryPoint\",\"urlTemplate\":\"https:\\\/\\\/blog.calidadartesana.com\\\/?s={search_term_string}\"},\"query-input\":{\"@type\":\"PropertyValueSpecification\",\"valueRequired\":true,\"valueName\":\"search_term_string\"}}],\"inLanguage\":\"es\"},{\"@type\":\"Organization\",\"@id\":\"https:\\\/\\\/blog.calidadartesana.com\\\/#organization\",\"name\":\"Calidad Artesana\",\"url\":\"https:\\\/\\\/blog.calidadartesana.com\\\/\",\"logo\":{\"@type\":\"ImageObject\",\"inLanguage\":\"es\",\"@id\":\"https:\\\/\\\/blog.calidadartesana.com\\\/#\\\/schema\\\/logo\\\/image\\\/\",\"url\":\"https:\\\/\\\/blog.calidadartesana.com\\\/wp-content\\\/uploads\\\/cropped-calidadArtesana.png\",\"contentUrl\":\"https:\\\/\\\/blog.calidadartesana.com\\\/wp-content\\\/uploads\\\/cropped-calidadArtesana.png\",\"width\":690,\"height\":230,\"caption\":\"Calidad Artesana\"},\"image\":{\"@id\":\"https:\\\/\\\/blog.calidadartesana.com\\\/#\\\/schema\\\/logo\\\/image\\\/\"},\"sameAs\":[\"https:\\\/\\\/www.facebook.com\\\/CalidadArtesana\",\"https:\\\/\\\/x.com\\\/CalidadArtesana\",\"https:\\\/\\\/www.instagram.com\\\/calidad_artesana\\\/\",\"https:\\\/\\\/es.pinterest.com\\\/CertificadoCalidadArtesana\\\/\"]}]}<\/script>\n<!-- \/ Yoast SEO plugin. -->","yoast_head_json":{"title":"Arcilla y Barro | Calidad Artesana","description":"Gremio artesanal que trabaja arcilla y barro para crear cer\u00e1mica, combinando t\u00e9cnicas tradicionales, arte y patrimonio cultural.","robots":{"index":"index","follow":"follow","max-snippet":"max-snippet:-1","max-image-preview":"max-image-preview:large","max-video-preview":"max-video-preview:-1"},"canonical":"https:\/\/blog.calidadartesana.com\/index.php\/arcilla-y-barro\/","og_locale":"es_ES","og_type":"article","og_title":"Arcilla y Barro | Calidad Artesana","og_description":"Gremio artesanal que trabaja arcilla y barro para crear cer\u00e1mica, combinando t\u00e9cnicas tradicionales, arte y patrimonio cultural.","og_url":"https:\/\/blog.calidadartesana.com\/index.php\/arcilla-y-barro\/","article_publisher":"https:\/\/www.facebook.com\/CalidadArtesana","article_modified_time":"2025-08-06T11:52:18+00:00","og_image":[{"width":1152,"height":866,"url":"https:\/\/blog.calidadartesana.com\/wp-content\/uploads\/b7e48320-a651-4232-b874-3a415bdce59b.webp","type":"image\/webp"}],"twitter_card":"summary_large_image","twitter_site":"@CalidadArtesana","twitter_misc":{"Tiempo de lectura":"3 minutos"},"schema":{"@context":"https:\/\/schema.org","@graph":[{"@type":"WebPage","@id":"https:\/\/blog.calidadartesana.com\/index.php\/arcilla-y-barro\/","url":"https:\/\/blog.calidadartesana.com\/index.php\/arcilla-y-barro\/","name":"Arcilla y Barro | Calidad Artesana","isPartOf":{"@id":"https:\/\/blog.calidadartesana.com\/#website"},"primaryImageOfPage":{"@id":"https:\/\/blog.calidadartesana.com\/index.php\/arcilla-y-barro\/#primaryimage"},"image":{"@id":"https:\/\/blog.calidadartesana.com\/index.php\/arcilla-y-barro\/#primaryimage"},"thumbnailUrl":"https:\/\/blog.calidadartesana.com\/wp-content\/uploads\/b7e48320-a651-4232-b874-3a415bdce59b.webp","datePublished":"2015-10-12T14:41:21+00:00","dateModified":"2025-08-06T11:52:18+00:00","description":"Gremio artesanal que trabaja arcilla y barro para crear cer\u00e1mica, combinando t\u00e9cnicas tradicionales, arte y patrimonio cultural.","breadcrumb":{"@id":"https:\/\/blog.calidadartesana.com\/index.php\/arcilla-y-barro\/#breadcrumb"},"inLanguage":"es","potentialAction":[{"@type":"ReadAction","target":["https:\/\/blog.calidadartesana.com\/index.php\/arcilla-y-barro\/"]}]},{"@type":"ImageObject","inLanguage":"es","@id":"https:\/\/blog.calidadartesana.com\/index.php\/arcilla-y-barro\/#primaryimage","url":"https:\/\/blog.calidadartesana.com\/wp-content\/uploads\/b7e48320-a651-4232-b874-3a415bdce59b.webp","contentUrl":"https:\/\/blog.calidadartesana.com\/wp-content\/uploads\/b7e48320-a651-4232-b874-3a415bdce59b.webp","width":1152,"height":866},{"@type":"BreadcrumbList","@id":"https:\/\/blog.calidadartesana.com\/index.php\/arcilla-y-barro\/#breadcrumb","itemListElement":[{"@type":"ListItem","position":1,"name":"Portada","item":"https:\/\/blog.calidadartesana.com\/"},{"@type":"ListItem","position":2,"name":"Arcilla y Barro"}]},{"@type":"WebSite","@id":"https:\/\/blog.calidadartesana.com\/#website","url":"https:\/\/blog.calidadartesana.com\/","name":"Calidad Artesana","description":"Blog Calidad Artesana","publisher":{"@id":"https:\/\/blog.calidadartesana.com\/#organization"},"potentialAction":[{"@type":"SearchAction","target":{"@type":"EntryPoint","urlTemplate":"https:\/\/blog.calidadartesana.com\/?s={search_term_string}"},"query-input":{"@type":"PropertyValueSpecification","valueRequired":true,"valueName":"search_term_string"}}],"inLanguage":"es"},{"@type":"Organization","@id":"https:\/\/blog.calidadartesana.com\/#organization","name":"Calidad Artesana","url":"https:\/\/blog.calidadartesana.com\/","logo":{"@type":"ImageObject","inLanguage":"es","@id":"https:\/\/blog.calidadartesana.com\/#\/schema\/logo\/image\/","url":"https:\/\/blog.calidadartesana.com\/wp-content\/uploads\/cropped-calidadArtesana.png","contentUrl":"https:\/\/blog.calidadartesana.com\/wp-content\/uploads\/cropped-calidadArtesana.png","width":690,"height":230,"caption":"Calidad Artesana"},"image":{"@id":"https:\/\/blog.calidadartesana.com\/#\/schema\/logo\/image\/"},"sameAs":["https:\/\/www.facebook.com\/CalidadArtesana","https:\/\/x.com\/CalidadArtesana","https:\/\/www.instagram.com\/calidad_artesana\/","https:\/\/es.pinterest.com\/CertificadoCalidadArtesana\/"]}]}},"_links":{"self":[{"href":"https:\/\/blog.calidadartesana.com\/index.php\/wp-json\/wp\/v2\/pages\/9","targetHints":{"allow":["GET"]}}],"collection":[{"href":"https:\/\/blog.calidadartesana.com\/index.php\/wp-json\/wp\/v2\/pages"}],"about":[{"href":"https:\/\/blog.calidadartesana.com\/index.php\/wp-json\/wp\/v2\/types\/page"}],"author":[{"embeddable":true,"href":"https:\/\/blog.calidadartesana.com\/index.php\/wp-json\/wp\/v2\/users\/1"}],"replies":[{"embeddable":true,"href":"https:\/\/blog.calidadartesana.com\/index.php\/wp-json\/wp\/v2\/comments?post=9"}],"version-history":[{"count":16,"href":"https:\/\/blog.calidadartesana.com\/index.php\/wp-json\/wp\/v2\/pages\/9\/revisions"}],"predecessor-version":[{"id":587,"href":"https:\/\/blog.calidadartesana.com\/index.php\/wp-json\/wp\/v2\/pages\/9\/revisions\/587"}],"wp:featuredmedia":[{"embeddable":true,"href":"https:\/\/blog.calidadartesana.com\/index.php\/wp-json\/wp\/v2\/media\/563"}],"wp:attachment":[{"href":"https:\/\/blog.calidadartesana.com\/index.php\/wp-json\/wp\/v2\/media?parent=9"}],"curies":[{"name":"wp","href":"https:\/\/api.w.org\/{rel}","templated":true}]}}